{"id":1550,"date":"2015-04-08T13:16:49","date_gmt":"2015-04-08T11:16:49","guid":{"rendered":"http:\/\/www.klippitz.at\/sommer\/?page_id=1550"},"modified":"2015-04-08T13:27:30","modified_gmt":"2015-04-08T11:27:30","slug":"restaurants-einkehrschritt","status":"publish","type":"page","link":"https:\/\/www.klippitz.at\/sommer\/restaurants-einkehrschritt\/","title":{"rendered":"Restaurants-Einkehrschritt"},"content":{"rendered":"<div id='av_section_1'  class='avia-section av-av_section-d21fdcaeecb69b7efe4eaf10b6112bd0 main_color avia-section-default avia-no-shadow  avia-builder-el-0  avia-builder-el-no-sibling  avia-bg-style-scroll container_wrap sidebar_right'  ><div class='container av-section-cont-open' ><main  role=\"main\" itemprop=\"mainContentOfPage\"  class='template-page content  av-content-small alpha units'><div class='post-entry post-entry-type-page post-entry-1550'><div class='entry-content-wrapper clearfix'>\n<div  id=\"av-sc-portfolio-1\"  class=' grid-sort-container isotope   no_margin-container with-title-container grid-total-odd grid-col-4 grid-links-' data-portfolio-id='1'><div data-ajax-id='223' class=' grid-entry flex_column isotope-item all_sort no_margin post-entry post-entry-223 grid-entry-overview grid-loop-1 grid-parity-odd  hochegger_sort hotels-gasthoefe-de_sort restaurants-einkehrschritt-de_sort  av_one_fourth first default_av_fullwidth '><article class='main_color inner-entry'  itemscope=\"itemscope\" itemtype=\"https:\/\/schema.org\/CreativeWork\" ><a href=\"https:\/\/www.klippitz.at\/sommer\/unterkunft\/hotel-alpengasthof-hochegger\/\" title='Hotel Alpengasthof Hochegger'  data-rel='grid-1' class='grid-image avia-hover-fx'> <img decoding=\"async\" fetchpriority=\"high\" width=\"260\" height=\"185\" src=\"https:\/\/www.klippitz.at\/sommer\/wp-content\/uploads\/2015\/01\/hochegger14-260x185.jpg\" class=\"wp-image-393 avia-img-lazy-loading-not-393 attachment-portfolio_small size-portfolio_small wp-post-image\" alt=\"\" srcset=\"https:\/\/www.klippitz.at\/sommer\/wp-content\/uploads\/2015\/01\/hochegger14-260x185.jpg 260w, https:\/\/www.klippitz.at\/sommer\/wp-content\/uploads\/2015\/01\/hochegger14-300x212.jpg 300w, https:\/\/www.klippitz.at\/sommer\/wp-content\/uploads\/2015\/01\/hochegger14-1030x729.jpg 1030w, https:\/\/www.klippitz.at\/sommer\/wp-content\/uploads\/2015\/01\/hochegger14-705x499.jpg 705w, https:\/\/www.klippitz.at\/sommer\/wp-content\/uploads\/2015\/01\/hochegger14-450x319.jpg 450w, https:\/\/www.klippitz.at\/sommer\/wp-content\/uploads\/2015\/01\/hochegger14.jpg 1280w\" sizes=\"(max-width: 260px) 100vw, 260px\" \/><\/a><div class='grid-content'><div class='avia-arrow'><\/div><header class=\"entry-content-header\" aria-label=\"Portfolio: Hotel Alpengasthof Hochegger\"><h3 class='grid-entry-title entry-title '  itemprop=\"headline\" ><a href='https:\/\/www.klippitz.at\/sommer\/unterkunft\/hotel-alpengasthof-hochegger\/' title='Hotel Alpengasthof Hochegger'>Hotel Alpengasthof Hochegger<\/a><\/h3><\/header><\/div><footer class=\"entry-footer\"><\/footer><\/article><\/div><div data-ajax-id='556' class=' grid-entry flex_column isotope-item all_sort no_margin post-entry post-entry-556 grid-entry-overview grid-loop-2 grid-parity-even  hotels-gasthoefe-de_sort restaurants-einkehrschritt-de_sort  av_one_fourth  default_av_fullwidth '><article class='main_color inner-entry'  itemscope=\"itemscope\" itemtype=\"https:\/\/schema.org\/CreativeWork\" ><a href=\"https:\/\/www.klippitz.at\/sommer\/unterkunft\/hotel-gasthof-buchbauer\/\" title='Hotel Gasthof Buchbauer'  data-rel='grid-1' class='grid-image avia-hover-fx'> <img decoding=\"async\" fetchpriority=\"high\" width=\"260\" height=\"185\" src=\"https:\/\/www.klippitz.at\/sommer\/wp-content\/uploads\/2015\/02\/buchbauer-260x185.jpg\" class=\"wp-image-586 avia-img-lazy-loading-not-586 attachment-portfolio_small size-portfolio_small wp-post-image\" alt=\"\" \/><\/a><div class='grid-content'><div class='avia-arrow'><\/div><header class=\"entry-content-header\" aria-label=\"Portfolio: Hotel Gasthof Buchbauer\"><h3 class='grid-entry-title entry-title '  itemprop=\"headline\" ><a href='https:\/\/www.klippitz.at\/sommer\/unterkunft\/hotel-gasthof-buchbauer\/' title='Hotel Gasthof Buchbauer'>Hotel Gasthof Buchbauer<\/a><\/h3><\/header><\/div><footer class=\"entry-footer\"><\/footer><\/article><\/div><div data-ajax-id='552' class=' grid-entry flex_column isotope-item all_sort no_margin post-entry post-entry-552 grid-entry-overview grid-loop-3 grid-parity-odd  hotels-gasthoefe-de_sort restaurants-einkehrschritt-de_sort  av_one_fourth  default_av_fullwidth '><article class='main_color inner-entry'  itemscope=\"itemscope\" itemtype=\"https:\/\/schema.org\/CreativeWork\" ><a href=\"https:\/\/www.klippitz.at\/sommer\/unterkunft\/landgasthof-neugebauer\/\" title='Landgasthof Neugebauer'  data-rel='grid-1' class='grid-image avia-hover-fx'> <img decoding=\"async\" fetchpriority=\"high\" width=\"260\" height=\"185\" src=\"https:\/\/www.klippitz.at\/sommer\/wp-content\/uploads\/2015\/02\/Neugebauer_Aussenansicht-opti-260x185.jpg\" class=\"wp-image-554 avia-img-lazy-loading-not-554 attachment-portfolio_small size-portfolio_small wp-post-image\" alt=\"\" \/><\/a><div class='grid-content'><div class='avia-arrow'><\/div><header class=\"entry-content-header\" aria-label=\"Portfolio: Landgasthof Neugebauer\"><h3 class='grid-entry-title entry-title '  itemprop=\"headline\" ><a href='https:\/\/www.klippitz.at\/sommer\/unterkunft\/landgasthof-neugebauer\/' title='Landgasthof Neugebauer'>Landgasthof Neugebauer<\/a><\/h3><\/header><\/div><footer class=\"entry-footer\"><\/footer><\/article><\/div><div data-ajax-id='559' class=' grid-entry flex_column isotope-item all_sort no_margin post-entry post-entry-559 grid-entry-overview grid-loop-4 grid-parity-even  restaurants-einkehrschritt-de_sort  av_one_fourth  default_av_fullwidth '><article class='main_color inner-entry'  itemscope=\"itemscope\" itemtype=\"https:\/\/schema.org\/CreativeWork\" ><a href=\"https:\/\/www.klippitz.at\/sommer\/unterkunft\/seetalerhuette\/\" title='Seetalerh\u00fctte'  data-rel='grid-1' class='grid-image avia-hover-fx'> <img decoding=\"async\" fetchpriority=\"high\" width=\"260\" height=\"185\" src=\"https:\/\/www.klippitz.at\/sommer\/wp-content\/uploads\/2015\/02\/Seetalerhuette-260x185.jpg\" class=\"wp-image-561 avia-img-lazy-loading-not-561 attachment-portfolio_small size-portfolio_small wp-post-image\" alt=\"\" \/><\/a><div class='grid-content'><div class='avia-arrow'><\/div><header class=\"entry-content-header\" aria-label=\"Portfolio: Seetalerh\u00fctte\"><h3 class='grid-entry-title entry-title '  itemprop=\"headline\" ><a href='https:\/\/www.klippitz.at\/sommer\/unterkunft\/seetalerhuette\/' title='Seetalerh\u00fctte'>Seetalerh\u00fctte<\/a><\/h3><\/header><\/div><footer class=\"entry-footer\"><\/footer><\/article><\/div><div data-ajax-id='622' class=' grid-entry flex_column isotope-item all_sort no_margin post-entry post-entry-622 grid-entry-overview grid-loop-5 grid-parity-odd  restaurants-einkehrschritt-de_sort  av_one_fourth first default_av_fullwidth '><article class='main_color inner-entry'  itemscope=\"itemscope\" itemtype=\"https:\/\/schema.org\/CreativeWork\" ><a href=\"https:\/\/www.klippitz.at\/sommer\/unterkunft\/moselebauerhuette\/\" title='Moselebaueralm'  data-rel='grid-1' class='grid-image avia-hover-fx'> <img decoding=\"async\" fetchpriority=\"high\" width=\"260\" height=\"185\" src=\"https:\/\/www.klippitz.at\/sommer\/wp-content\/uploads\/2015\/02\/Moselebauerhuette_Oben-260x185.jpg\" class=\"wp-image-644 avia-img-lazy-loading-not-644 attachment-portfolio_small size-portfolio_small wp-post-image\" alt=\"\" \/><\/a><div class='grid-content'><div class='avia-arrow'><\/div><header class=\"entry-content-header\" aria-label=\"Portfolio: Moselebaueralm\"><h3 class='grid-entry-title entry-title '  itemprop=\"headline\" ><a href='https:\/\/www.klippitz.at\/sommer\/unterkunft\/moselebauerhuette\/' title='Moselebaueralm'>Moselebaueralm<\/a><\/h3><\/header><\/div><footer class=\"entry-footer\"><\/footer><\/article><\/div><div data-ajax-id='646' class=' grid-entry flex_column isotope-item all_sort no_margin post-entry post-entry-646 grid-entry-overview grid-loop-6 grid-parity-even  restaurants-einkehrschritt-de_sort  av_one_fourth  default_av_fullwidth '><article class='main_color inner-entry'  itemscope=\"itemscope\" itemtype=\"https:\/\/schema.org\/CreativeWork\" ><a href=\"https:\/\/www.klippitz.at\/sommer\/unterkunft\/hohenwarthuette\/\" title='Hohenwarth\u00fctte'  data-rel='grid-1' class='grid-image avia-hover-fx'> <img decoding=\"async\" fetchpriority=\"high\" width=\"260\" height=\"185\" src=\"https:\/\/www.klippitz.at\/sommer\/wp-content\/uploads\/2015\/02\/hohenwarthuette-260x185.jpg\" class=\"wp-image-647 avia-img-lazy-loading-not-647 attachment-portfolio_small size-portfolio_small wp-post-image\" alt=\"\" \/><\/a><div class='grid-content'><div class='avia-arrow'><\/div><header class=\"entry-content-header\" aria-label=\"Portfolio: Hohenwarth\u00fctte\"><h3 class='grid-entry-title entry-title '  itemprop=\"headline\" ><a href='https:\/\/www.klippitz.at\/sommer\/unterkunft\/hohenwarthuette\/' title='Hohenwarth\u00fctte'>Hohenwarth\u00fctte<\/a><\/h3><\/header><\/div><footer class=\"entry-footer\"><\/footer><\/article><\/div><div data-ajax-id='954' class=' grid-entry flex_column isotope-item all_sort no_margin post-entry post-entry-954 grid-entry-overview grid-loop-7 grid-parity-odd  post-entry-last  restaurants-einkehrschritt-de_sort  av_one_fourth  default_av_fullwidth '><article class='main_color inner-entry'  itemscope=\"itemscope\" itemtype=\"https:\/\/schema.org\/CreativeWork\" ><a href=\"https:\/\/www.klippitz.at\/sommer\/unterkunft\/schwarzkogelhuette\/\" title='Schwarzkogelh\u00fctte'  data-rel='grid-1' class='grid-image avia-hover-fx'> <\/a><div class='grid-content'><div class='avia-arrow'><\/div><header class=\"entry-content-header\" aria-label=\"Portfolio: Schwarzkogelh\u00fctte\"><h3 class='grid-entry-title entry-title '  itemprop=\"headline\" ><a href='https:\/\/www.klippitz.at\/sommer\/unterkunft\/schwarzkogelhuette\/' title='Schwarzkogelh\u00fctte'>Schwarzkogelh\u00fctte<\/a><\/h3><\/header><\/div><footer class=\"entry-footer\"><\/footer><\/article><\/div><\/div>\n<\/div><\/div><\/main><!-- close content main element --><\/div><\/div><div id='after_section_1'  class='main_color av_default_container_wrap container_wrap sidebar_right'  ><div class='container av-section-cont-open' ><div class='template-page content  av-content-small alpha units'><div class='post-entry post-entry-type-page post-entry-1550'><div class='entry-content-wrapper clearfix'>\n","protected":false},"excerpt":{"rendered":"","protected":false},"author":1,"featured_media":0,"parent":0,"menu_order":0,"comment_status":"closed","ping_status":"open","template":"","meta":{"footnotes":""},"class_list":["post-1550","page","type-page","status-publish","hentry"],"yoast_head":"<!-- This site is optimized with the Yoast SEO plugin v26.8 - https:\/\/yoast.com\/product\/yoast-seo-wordpress\/ -->\n<title>Restaurants-Einkehrschritt - Schierlebniswelt Klippitzt\u00f6rl<\/title>\n<meta name=\"robots\" content=\"index, follow, max-snippet:-1, max-image-preview:large, max-video-preview:-1\" \/>\n<link rel=\"canonical\" href=\"https:\/\/www.klippitz.at\/sommer\/restaurants-einkehrschritt\/\" \/>\n<meta property=\"og:locale\" content=\"de_DE\" \/>\n<meta property=\"og:type\" content=\"article\" \/>\n<meta property=\"og:title\" content=\"Restaurants-Einkehrschritt - Schierlebniswelt Klippitzt\u00f6rl\" \/>\n<meta property=\"og:url\" content=\"https:\/\/www.klippitz.at\/sommer\/restaurants-einkehrschritt\/\" \/>\n<meta property=\"og:site_name\" content=\"Schierlebniswelt Klippitzt\u00f6rl\" \/>\n<meta property=\"article:modified_time\" content=\"2015-04-08T11:27:30+00:00\" \/>\n<script type=\"application\/ld+json\" class=\"yoast-schema-graph\">{\"@context\":\"https:\/\/schema.org\",\"@graph\":[{\"@type\":\"WebPage\",\"@id\":\"https:\/\/www.klippitz.at\/sommer\/restaurants-einkehrschritt\/\",\"url\":\"https:\/\/www.klippitz.at\/sommer\/restaurants-einkehrschritt\/\",\"name\":\"Restaurants-Einkehrschritt - Schierlebniswelt Klippitzt\u00f6rl\",\"isPartOf\":{\"@id\":\"https:\/\/www.klippitz.at\/sommer\/#website\"},\"datePublished\":\"2015-04-08T11:16:49+00:00\",\"dateModified\":\"2015-04-08T11:27:30+00:00\",\"breadcrumb\":{\"@id\":\"https:\/\/www.klippitz.at\/sommer\/restaurants-einkehrschritt\/#breadcrumb\"},\"inLanguage\":\"de\",\"potentialAction\":[{\"@type\":\"ReadAction\",\"target\":[\"https:\/\/www.klippitz.at\/sommer\/restaurants-einkehrschritt\/\"]}]},{\"@type\":\"BreadcrumbList\",\"@id\":\"https:\/\/www.klippitz.at\/sommer\/restaurants-einkehrschritt\/#breadcrumb\",\"itemListElement\":[{\"@type\":\"ListItem\",\"position\":1,\"name\":\"Home\",\"item\":\"https:\/\/www.klippitz.at\/sommer\/home\/\"},{\"@type\":\"ListItem\",\"position\":2,\"name\":\"Restaurants-Einkehrschritt\"}]},{\"@type\":\"WebSite\",\"@id\":\"https:\/\/www.klippitz.at\/sommer\/#website\",\"url\":\"https:\/\/www.klippitz.at\/sommer\/\",\"name\":\"Schierlebniswelt Klippitzt\u00f6rl\",\"description\":\"Die K\u00e4rntner Schiregion zeigt sich im Sommer von ihrer sch\u00f6nsten Seite\",\"potentialAction\":[{\"@type\":\"SearchAction\",\"target\":{\"@type\":\"EntryPoint\",\"urlTemplate\":\"https:\/\/www.klippitz.at\/sommer\/?s={search_term_string}\"},\"query-input\":{\"@type\":\"PropertyValueSpecification\",\"valueRequired\":true,\"valueName\":\"search_term_string\"}}],\"inLanguage\":\"de\"}]}<\/script>\n<!-- \/ Yoast SEO plugin. -->","yoast_head_json":{"title":"Restaurants-Einkehrschritt - Schierlebniswelt Klippitzt\u00f6rl","robots":{"index":"index","follow":"follow","max-snippet":"max-snippet:-1","max-image-preview":"max-image-preview:large","max-video-preview":"max-video-preview:-1"},"canonical":"https:\/\/www.klippitz.at\/sommer\/restaurants-einkehrschritt\/","og_locale":"de_DE","og_type":"article","og_title":"Restaurants-Einkehrschritt - Schierlebniswelt Klippitzt\u00f6rl","og_url":"https:\/\/www.klippitz.at\/sommer\/restaurants-einkehrschritt\/","og_site_name":"Schierlebniswelt Klippitzt\u00f6rl","article_modified_time":"2015-04-08T11:27:30+00:00","schema":{"@context":"https:\/\/schema.org","@graph":[{"@type":"WebPage","@id":"https:\/\/www.klippitz.at\/sommer\/restaurants-einkehrschritt\/","url":"https:\/\/www.klippitz.at\/sommer\/restaurants-einkehrschritt\/","name":"Restaurants-Einkehrschritt - Schierlebniswelt Klippitzt\u00f6rl","isPartOf":{"@id":"https:\/\/www.klippitz.at\/sommer\/#website"},"datePublished":"2015-04-08T11:16:49+00:00","dateModified":"2015-04-08T11:27:30+00:00","breadcrumb":{"@id":"https:\/\/www.klippitz.at\/sommer\/restaurants-einkehrschritt\/#breadcrumb"},"inLanguage":"de","potentialAction":[{"@type":"ReadAction","target":["https:\/\/www.klippitz.at\/sommer\/restaurants-einkehrschritt\/"]}]},{"@type":"BreadcrumbList","@id":"https:\/\/www.klippitz.at\/sommer\/restaurants-einkehrschritt\/#breadcrumb","itemListElement":[{"@type":"ListItem","position":1,"name":"Home","item":"https:\/\/www.klippitz.at\/sommer\/home\/"},{"@type":"ListItem","position":2,"name":"Restaurants-Einkehrschritt"}]},{"@type":"WebSite","@id":"https:\/\/www.klippitz.at\/sommer\/#website","url":"https:\/\/www.klippitz.at\/sommer\/","name":"Schierlebniswelt Klippitzt\u00f6rl","description":"Die K\u00e4rntner Schiregion zeigt sich im Sommer von ihrer sch\u00f6nsten Seite","potentialAction":[{"@type":"SearchAction","target":{"@type":"EntryPoint","urlTemplate":"https:\/\/www.klippitz.at\/sommer\/?s={search_term_string}"},"query-input":{"@type":"PropertyValueSpecification","valueRequired":true,"valueName":"search_term_string"}}],"inLanguage":"de"}]}},"_links":{"self":[{"href":"https:\/\/www.klippitz.at\/sommer\/wp-json\/wp\/v2\/pages\/1550","targetHints":{"allow":["GET"]}}],"collection":[{"href":"https:\/\/www.klippitz.at\/sommer\/wp-json\/wp\/v2\/pages"}],"about":[{"href":"https:\/\/www.klippitz.at\/sommer\/wp-json\/wp\/v2\/types\/page"}],"author":[{"embeddable":true,"href":"https:\/\/www.klippitz.at\/sommer\/wp-json\/wp\/v2\/users\/1"}],"replies":[{"embeddable":true,"href":"https:\/\/www.klippitz.at\/sommer\/wp-json\/wp\/v2\/comments?post=1550"}],"version-history":[{"count":3,"href":"https:\/\/www.klippitz.at\/sommer\/wp-json\/wp\/v2\/pages\/1550\/revisions"}],"predecessor-version":[{"id":3101,"href":"https:\/\/www.klippitz.at\/sommer\/wp-json\/wp\/v2\/pages\/1550\/revisions\/3101"}],"wp:attachment":[{"href":"https:\/\/www.klippitz.at\/sommer\/wp-json\/wp\/v2\/media?parent=1550"}],"curies":[{"name":"wp","href":"https:\/\/api.w.org\/{rel}","templated":true}]}}